{"id":57130,"date":"2025-09-13T06:10:48","date_gmt":"2025-09-13T06:10:48","guid":{"rendered":"https:\/\/meinwordpress-ho-ejjheknmq4.live-website.com\/?product=juniper-lane-amber-mood-eau-de-parfum-50-ml"},"modified":"2025-09-13T06:10:48","modified_gmt":"2025-09-13T06:10:48","slug":"juniper-lane-amber-mood-eau-de-parfum-50-ml","status":"publish","type":"product","link":"https:\/\/meinwordpress-ho-ejjheknmq4.live-website.com\/?product=juniper-lane-amber-mood-eau-de-parfum-50-ml","title":{"rendered":"Juniper Lane Amber Mood Eau de Parfum 50 ml"},"content":{"rendered":"<p><!-- show up to 2 reviews by default --> <\/p>\n<h3> <span>Product Description<\/span> <\/h3>\n<p> <span>Juniper Lane Perfumes capture the unique magic of nature and seduce with feminine naturalness in a completely new way. Juniper Lane Amber Mood 8 oz<\/span> <\/p>\n<h3> <span>Directions<\/span> <\/h3>\n<p> <span>Spr\u00fchen Sie das Parf\u00fcm auf die Pulse, wie z.B. die Innenseiten der Handgelenke, die Innenseiten der Ellbogen und den Hals. Vermeiden Sie es, das Parf\u00fcm direkt auf die Haut zu spr\u00fchen, da dies den Duft schneller abbauen kann. Um den Duft l\u00e4nger zu halten, k\u00f6nnen Sie das Parf\u00fcm auch auf Kleidung oder Haar spr\u00fchen. Vermeiden Sie es jedoch, das Parf\u00fcm auf empfindliche Bereiche wie die Augen oder die N\u00e4he zu Schleimh\u00e4uten zu spr\u00fchen.<\/span> <\/p>\n<p>The Juniper Lane Amber Mood eau de parfum wraps in a warming aura full of grace and takes you into the mysterious, oriental fragrance world with creamy aromas.<br \/>\n<div class=\"main-cross-sell\" data-asin=\"B08ND8YNR8\">\n\n\t<div class=\"WooZone-cross-sell-loader\">\n\t\t<div>\n\t\t\t<div id=\"floatingBarsG\">\n\t\t\t\t<div class=\"blockG\" id=\"rotateG_01\"><\/div>\n\t\t\t\t<div class=\"blockG\" id=\"rotateG_02\"><\/div>\n\t\t\t\t<div class=\"blockG\" id=\"rotateG_03\"><\/div>\n\t\t\t\t<div class=\"blockG\" id=\"rotateG_04\"><\/div>\n\t\t\t\t<div class=\"blockG\" id=\"rotateG_05\"><\/div>\n\t\t\t\t<div class=\"blockG\" id=\"rotateG_06\"><\/div>\n\t\t\t\t<div class=\"blockG\" id=\"rotateG_07\"><\/div>\n\t\t\t\t<div class=\"blockG\" id=\"rotateG_08\"><\/div>\n\t\t\t<\/div>\n\t\t\t<div class=\"WooZone-cross-sell-loader-text\"><\/div>\n\t\t<\/div>\n\t<\/div>\n\n\t\t\n<\/div>\n<div style=\"clear:both;\"><\/div><\/p>\n","protected":false},"excerpt":{"rendered":"<p>The Juniper Lane Amber Mood eau de parfum wraps in a warming aura full of grace and takes you into the mysterious, oriental fragrance world with creamy aromas.<\/p>\n","protected":false},"featured_media":57131,"comment_status":"open","ping_status":"closed","template":"","meta":[],"product_cat":[13561],"product_tag":[],"class_list":{"0":"post-57130","1":"product","2":"type-product","3":"status-publish","4":"has-post-thumbnail","6":"product_cat-amber-parfum","7":"pa_brand-brand-juniper-lane","8":"pa_brand-name-juniper-lane","9":"pa_colour-red","10":"pa_date-first-available-7-oct-2020","11":"pa_item-dimensions-l-x-w-x-h-41-x-80-x-120-millimetres","12":"pa_item-form-liquid","13":"pa_item-model-number-14674","14":"pa_item-package-dimensions-l-x-w-12-2-x-8-x-4-4-centimetres","15":"pa_item-volume-50-millilitres","16":"pa_manufacturer-lifestyle-distribution-gmbh","17":"pa_package-weight-0-23-kilograms","18":"pa_product-dimensions-4-1-x-8-x-12-cm-230-g","19":"pa_scent-oriental","21":"first","22":"instock","23":"shipping-taxable","24":"product-type-external","25":"col-xs-6 col-sm-4","26":"col-md-3 col-lg-3","27":"un-4-cols"},"yoast_head":"<!-- This site is optimized with the Yoast SEO plugin v26.1.1 - https:\/\/yoast.com\/wordpress\/plugins\/seo\/ -->\n<title>Juniper Lane Amber Mood Eau de Parfum 50 ml - dein-parfum.com<\/title>\n<meta name=\"robots\" content=\"index, follow, max-snippet:-1, max-image-preview:large, max-video-preview:-1\" \/>\n<link rel=\"canonical\" href=\"https:\/\/meinwordpress-ho-ejjheknmq4.live-website.com\/?product=juniper-lane-amber-mood-eau-de-parfum-50-ml\" \/>\n<meta property=\"og:locale\" content=\"en_US\" \/>\n<meta property=\"og:type\" content=\"article\" \/>\n<meta property=\"og:title\" content=\"Juniper Lane Amber Mood Eau de Parfum 50 ml - dein-parfum.com\" \/>\n<meta property=\"og:description\" content=\"The Juniper Lane Amber Mood eau de parfum wraps in a warming aura full of grace and takes you into the mysterious, oriental fragrance world with creamy aromas.\" \/>\n<meta property=\"og:url\" content=\"https:\/\/meinwordpress-ho-ejjheknmq4.live-website.com\/?product=juniper-lane-amber-mood-eau-de-parfum-50-ml\" \/>\n<meta property=\"og:site_name\" content=\"dein-parfum.com\" \/>\n<meta name=\"twitter:card\" content=\"summary_large_image\" \/>\n<meta name=\"twitter:label1\" content=\"Est. reading time\" \/>\n\t<meta name=\"twitter:data1\" content=\"1 minute\" \/>\n<script type=\"application\/ld+json\" class=\"yoast-schema-graph\">{\"@context\":\"https:\/\/schema.org\",\"@graph\":[{\"@type\":\"WebPage\",\"@id\":\"https:\/\/meinwordpress-ho-ejjheknmq4.live-website.com\/?product=juniper-lane-amber-mood-eau-de-parfum-50-ml\",\"url\":\"https:\/\/meinwordpress-ho-ejjheknmq4.live-website.com\/?product=juniper-lane-amber-mood-eau-de-parfum-50-ml\",\"name\":\"Juniper Lane Amber Mood Eau de Parfum 50 ml - dein-parfum.com\",\"isPartOf\":{\"@id\":\"https:\/\/meinwordpress-ho-ejjheknmq4.live-website.com\/#website\"},\"primaryImageOfPage\":{\"@id\":\"https:\/\/meinwordpress-ho-ejjheknmq4.live-website.com\/?product=juniper-lane-amber-mood-eau-de-parfum-50-ml#primaryimage\"},\"image\":{\"@id\":\"https:\/\/meinwordpress-ho-ejjheknmq4.live-website.com\/?product=juniper-lane-amber-mood-eau-de-parfum-50-ml#primaryimage\"},\"thumbnailUrl\":\"https:\/\/m.media-amazon.com\/images\/I\/51K8+qYjScL.jpg\",\"datePublished\":\"2025-09-13T06:10:48+00:00\",\"breadcrumb\":{\"@id\":\"https:\/\/meinwordpress-ho-ejjheknmq4.live-website.com\/?product=juniper-lane-amber-mood-eau-de-parfum-50-ml#breadcrumb\"},\"inLanguage\":\"en-US\",\"potentialAction\":[{\"@type\":\"ReadAction\",\"target\":[\"https:\/\/meinwordpress-ho-ejjheknmq4.live-website.com\/?product=juniper-lane-amber-mood-eau-de-parfum-50-ml\"]}]},{\"@type\":\"ImageObject\",\"inLanguage\":\"en-US\",\"@id\":\"https:\/\/meinwordpress-ho-ejjheknmq4.live-website.com\/?product=juniper-lane-amber-mood-eau-de-parfum-50-ml#primaryimage\",\"url\":\"https:\/\/m.media-amazon.com\/images\/I\/51K8+qYjScL.jpg\",\"contentUrl\":\"https:\/\/m.media-amazon.com\/images\/I\/51K8+qYjScL.jpg\",\"width\":500,\"height\":500},{\"@type\":\"BreadcrumbList\",\"@id\":\"https:\/\/meinwordpress-ho-ejjheknmq4.live-website.com\/?product=juniper-lane-amber-mood-eau-de-parfum-50-ml#breadcrumb\",\"itemListElement\":[{\"@type\":\"ListItem\",\"position\":1,\"name\":\"Home\",\"item\":\"https:\/\/meinwordpress-ho-ejjheknmq4.live-website.com\/\"},{\"@type\":\"ListItem\",\"position\":2,\"name\":\"Gesch\u00e4ft\",\"item\":\"https:\/\/meinwordpress-ho-ejjheknmq4.live-website.com\/?page_id=9\"},{\"@type\":\"ListItem\",\"position\":3,\"name\":\"Juniper Lane Amber Mood Eau de Parfum 50 ml\"}]},{\"@type\":\"WebSite\",\"@id\":\"https:\/\/meinwordpress-ho-ejjheknmq4.live-website.com\/#website\",\"url\":\"https:\/\/meinwordpress-ho-ejjheknmq4.live-website.com\/\",\"name\":\"dein-parfum.com\",\"description\":\"dein-parfum.com\",\"publisher\":{\"@id\":\"https:\/\/meinwordpress-ho-ejjheknmq4.live-website.com\/#organization\"},\"potentialAction\":[{\"@type\":\"SearchAction\",\"target\":{\"@type\":\"EntryPoint\",\"urlTemplate\":\"https:\/\/meinwordpress-ho-ejjheknmq4.live-website.com\/?s={search_term_string}\"},\"query-input\":{\"@type\":\"PropertyValueSpecification\",\"valueRequired\":true,\"valueName\":\"search_term_string\"}}],\"inLanguage\":\"en-US\"},{\"@type\":\"Organization\",\"@id\":\"https:\/\/meinwordpress-ho-ejjheknmq4.live-website.com\/#organization\",\"name\":\"dein-parfum.com\",\"url\":\"https:\/\/meinwordpress-ho-ejjheknmq4.live-website.com\/\",\"logo\":{\"@type\":\"ImageObject\",\"inLanguage\":\"en-US\",\"@id\":\"https:\/\/meinwordpress-ho-ejjheknmq4.live-website.com\/#\/schema\/logo\/image\/\",\"url\":\"https:\/\/meinwordpress-ho-ejjheknmq4.live-website.com\/wp-content\/uploads\/2023\/10\/cropped-4yyy-removebg-preview-1.png\",\"contentUrl\":\"https:\/\/meinwordpress-ho-ejjheknmq4.live-website.com\/wp-content\/uploads\/2023\/10\/cropped-4yyy-removebg-preview-1.png\",\"width\":512,\"height\":512,\"caption\":\"dein-parfum.com\"},\"image\":{\"@id\":\"https:\/\/meinwordpress-ho-ejjheknmq4.live-website.com\/#\/schema\/logo\/image\/\"}}]}<\/script>\n<!-- \/ Yoast SEO plugin. -->","yoast_head_json":{"title":"Juniper Lane Amber Mood Eau de Parfum 50 ml - dein-parfum.com","robots":{"index":"index","follow":"follow","max-snippet":"max-snippet:-1","max-image-preview":"max-image-preview:large","max-video-preview":"max-video-preview:-1"},"canonical":"https:\/\/meinwordpress-ho-ejjheknmq4.live-website.com\/?product=juniper-lane-amber-mood-eau-de-parfum-50-ml","og_locale":"en_US","og_type":"article","og_title":"Juniper Lane Amber Mood Eau de Parfum 50 ml - dein-parfum.com","og_description":"The Juniper Lane Amber Mood eau de parfum wraps in a warming aura full of grace and takes you into the mysterious, oriental fragrance world with creamy aromas.","og_url":"https:\/\/meinwordpress-ho-ejjheknmq4.live-website.com\/?product=juniper-lane-amber-mood-eau-de-parfum-50-ml","og_site_name":"dein-parfum.com","twitter_card":"summary_large_image","twitter_misc":{"Est. reading time":"1 minute"},"schema":{"@context":"https:\/\/schema.org","@graph":[{"@type":"WebPage","@id":"https:\/\/meinwordpress-ho-ejjheknmq4.live-website.com\/?product=juniper-lane-amber-mood-eau-de-parfum-50-ml","url":"https:\/\/meinwordpress-ho-ejjheknmq4.live-website.com\/?product=juniper-lane-amber-mood-eau-de-parfum-50-ml","name":"Juniper Lane Amber Mood Eau de Parfum 50 ml - dein-parfum.com","isPartOf":{"@id":"https:\/\/meinwordpress-ho-ejjheknmq4.live-website.com\/#website"},"primaryImageOfPage":{"@id":"https:\/\/meinwordpress-ho-ejjheknmq4.live-website.com\/?product=juniper-lane-amber-mood-eau-de-parfum-50-ml#primaryimage"},"image":{"@id":"https:\/\/meinwordpress-ho-ejjheknmq4.live-website.com\/?product=juniper-lane-amber-mood-eau-de-parfum-50-ml#primaryimage"},"thumbnailUrl":"https:\/\/m.media-amazon.com\/images\/I\/51K8+qYjScL.jpg","datePublished":"2025-09-13T06:10:48+00:00","breadcrumb":{"@id":"https:\/\/meinwordpress-ho-ejjheknmq4.live-website.com\/?product=juniper-lane-amber-mood-eau-de-parfum-50-ml#breadcrumb"},"inLanguage":"en-US","potentialAction":[{"@type":"ReadAction","target":["https:\/\/meinwordpress-ho-ejjheknmq4.live-website.com\/?product=juniper-lane-amber-mood-eau-de-parfum-50-ml"]}]},{"@type":"ImageObject","inLanguage":"en-US","@id":"https:\/\/meinwordpress-ho-ejjheknmq4.live-website.com\/?product=juniper-lane-amber-mood-eau-de-parfum-50-ml#primaryimage","url":"https:\/\/m.media-amazon.com\/images\/I\/51K8+qYjScL.jpg","contentUrl":"https:\/\/m.media-amazon.com\/images\/I\/51K8+qYjScL.jpg","width":500,"height":500},{"@type":"BreadcrumbList","@id":"https:\/\/meinwordpress-ho-ejjheknmq4.live-website.com\/?product=juniper-lane-amber-mood-eau-de-parfum-50-ml#breadcrumb","itemListElement":[{"@type":"ListItem","position":1,"name":"Home","item":"https:\/\/meinwordpress-ho-ejjheknmq4.live-website.com\/"},{"@type":"ListItem","position":2,"name":"Gesch\u00e4ft","item":"https:\/\/meinwordpress-ho-ejjheknmq4.live-website.com\/?page_id=9"},{"@type":"ListItem","position":3,"name":"Juniper Lane Amber Mood Eau de Parfum 50 ml"}]},{"@type":"WebSite","@id":"https:\/\/meinwordpress-ho-ejjheknmq4.live-website.com\/#website","url":"https:\/\/meinwordpress-ho-ejjheknmq4.live-website.com\/","name":"dein-parfum.com","description":"dein-parfum.com","publisher":{"@id":"https:\/\/meinwordpress-ho-ejjheknmq4.live-website.com\/#organization"},"potentialAction":[{"@type":"SearchAction","target":{"@type":"EntryPoint","urlTemplate":"https:\/\/meinwordpress-ho-ejjheknmq4.live-website.com\/?s={search_term_string}"},"query-input":{"@type":"PropertyValueSpecification","valueRequired":true,"valueName":"search_term_string"}}],"inLanguage":"en-US"},{"@type":"Organization","@id":"https:\/\/meinwordpress-ho-ejjheknmq4.live-website.com\/#organization","name":"dein-parfum.com","url":"https:\/\/meinwordpress-ho-ejjheknmq4.live-website.com\/","logo":{"@type":"ImageObject","inLanguage":"en-US","@id":"https:\/\/meinwordpress-ho-ejjheknmq4.live-website.com\/#\/schema\/logo\/image\/","url":"https:\/\/meinwordpress-ho-ejjheknmq4.live-website.com\/wp-content\/uploads\/2023\/10\/cropped-4yyy-removebg-preview-1.png","contentUrl":"https:\/\/meinwordpress-ho-ejjheknmq4.live-website.com\/wp-content\/uploads\/2023\/10\/cropped-4yyy-removebg-preview-1.png","width":512,"height":512,"caption":"dein-parfum.com"},"image":{"@id":"https:\/\/meinwordpress-ho-ejjheknmq4.live-website.com\/#\/schema\/logo\/image\/"}}]}},"_links":{"self":[{"href":"https:\/\/meinwordpress-ho-ejjheknmq4.live-website.com\/index.php?rest_route=\/wp\/v2\/product\/57130","targetHints":{"allow":["GET"]}}],"collection":[{"href":"https:\/\/meinwordpress-ho-ejjheknmq4.live-website.com\/index.php?rest_route=\/wp\/v2\/product"}],"about":[{"href":"https:\/\/meinwordpress-ho-ejjheknmq4.live-website.com\/index.php?rest_route=\/wp\/v2\/types\/product"}],"replies":[{"embeddable":true,"href":"https:\/\/meinwordpress-ho-ejjheknmq4.live-website.com\/index.php?rest_route=%2Fwp%2Fv2%2Fcomments&post=57130"}],"wp:featuredmedia":[{"embeddable":true,"href":"https:\/\/meinwordpress-ho-ejjheknmq4.live-website.com\/index.php?rest_route=\/wp\/v2\/media\/57131"}],"wp:attachment":[{"href":"https:\/\/meinwordpress-ho-ejjheknmq4.live-website.com\/index.php?rest_route=%2Fwp%2Fv2%2Fmedia&parent=57130"}],"wp:term":[{"taxonomy":"product_cat","embeddable":true,"href":"https:\/\/meinwordpress-ho-ejjheknmq4.live-website.com\/index.php?rest_route=%2Fwp%2Fv2%2Fproduct_cat&post=57130"},{"taxonomy":"product_tag","embeddable":true,"href":"https:\/\/meinwordpress-ho-ejjheknmq4.live-website.com\/index.php?rest_route=%2Fwp%2Fv2%2Fproduct_tag&post=57130"}],"curies":[{"name":"wp","href":"https:\/\/api.w.org\/{rel}","templated":true}]}}